prime factors of x?
2, 3, 5
Suppose -2*a = 3*x - 109, x + 4*x = 4*a - 229. Suppose -3 = -i + 7. List the prime factors of a/i - 2/(-5).
2, 3
Let a = 4 + -3. Suppose -5 = -o - a. Suppose 9 = 2*p - 3*c - 10, -42 = -o*p + 2*c. What are the prime factors of p?
11
List the prime factors of (-12)/(-20) - (-97)/5.
2, 5
Let v(j) = -14*j - 1. What are the prime factors of v(-1)?
13
Let n = -2 - 0. Let w(q) = q**3 + 3*q**2 - 1. Let a be w(n). Suppose -2*y = -a*y + 15. List the prime factors of y.
3, 5
Suppose v - 5 = 5*w, 2*v - 2*w - 20 = -2*v. Let m be 2/v*(-21 - -1). Let n(z) = z**3 + 7*z**2 - 9*z - 1. List the prime factors of n(m).
7
Suppose 29 = -4*k + 5. Let z = k + 10. What are the prime factors of z?
2
Let f = -23 + 25. Suppose 3*y + f*x - 128 = 32, -5*y + 274 = -4*x. List the prime factors of y.
2, 3
Suppose -g = -3*g - y - 9, y = 2*g + 7. Let q = -2 + 2. Let m = q - g. List the prime factors of m.
2
Let t(f) = 6*f - 1. Let x(r) = -11*r**2 + r. Let b be x(1). Let s be 20/8*(-8)/b. List the prime factors of t(s).
11
Suppose 5*n + 3*m - 30 = 4*m, 0 = 3*n + 2*m - 5. Suppose -3*b - 37 = -5*p, -1 = -3*p + n. Let w = b - -13. What are the prime factors of w?
2
Let i = -5 - -9. Suppose -3*h + 66 = 3*t, 2*t + 54 = i*h - 40. Let j = h + -9. What are the prime factors of j?
2, 7
Suppose -5*i = -345 - 455. List the prime factors of i.
2, 5
Suppose 3 = -2*k - 3. Let a = k + 5. Suppose 6*w - 2*w = -a*m + 16, -2*m - 4 = 0. List the prime factors of w.
5
Suppose -3*s - 2*s = -50. Suppose 5 + s = 3*m. Suppose 0 = 5*h - 3*w - 0*w - 35, -m*h - w + 15 = 0. List the prime factors of h.
2
Let v = -10 + 14. Suppose 7*r - 78 = v*r. List the prime factors of r.
2, 13
Let y = 5 - -150. List the prime factors of y.
5, 31
Let a(f) = -20*f - 1. List the prime factors of a(-2).
3, 13
Suppose -4*h + 2*y - 20 = 6*y, 5*h + y = -17. Let b = h + 0. Let g = 17 + b. List the prime factors of g.
2, 7
Suppose -3*r = -0*r - 138. Suppose -f + 3*f = r. List the prime factors of f.
23
Suppose -4*f - b - 2*b = -146, -f - 2*b = -39. List the prime factors of f.
5, 7
Let s(j) = -4*j**3 + 2*j**2 - 1. Let v be s(-1). Suppose 0*f - 140 = -v*f. List the prime factors of f.
2, 7
Suppose 24 + 0 = z. Suppose -2*c + 26 = 2*t + c, -4*t = -c - z. List the prime factors of t.
7
Let f(z) = -z + 3. Let h be f(-4). Let g = h - 4. List the prime factors of g.
3
Let m(l) = l**2 - 7*l + 8. Let z be m(6). Suppose p = -q - 0*q + 1, 1 = z*p + q. Let d = 4 + p. What are the prime factors of d?
2
Let z = -1 - 0. What are the prime factors of 76/8 + z/2?
3
Suppose k + 5*o = o + 121, -4*o - 105 = -k. List the prime factors of k.
113
Let t = 12 - -1. List the prime factors of t.
13
Let w(n) = 21*n**3 + n**2. Let i be w(-1). Let q = 2 - i. What are the prime factors of q?
2, 11
List the prime factors of (-2 - 1)/(3/(-190)).
2, 5, 19
Let t = 33 - 20. List the prime factors of t.
13
Suppose 0 = 3*m - 8*m + 10. Suppose -2*i + m = -2. Suppose -2*x - 4 = -3*x - v, -i*x + 3 = 3*v. List the prime factors of x.
3
Let k(v) = 7*v**2 + v - 4. Let q be k(-3). Let f = q - 12. What are the prime factors of f?
2, 11
Let v(a) be the first derivative of a**2 - 3*a - 1. Let f(r) = r**2 + 3*r + 4. Let j be f(-3). What are the prime factors of v(j)?
5
Suppose -4*t + 0*t + 52 = 0. What are the prime factors of t?
13
What are the prime factors of -72*((-44)/12 - 0)?
2, 3, 11
Let d = 0 + 2. Suppose -28 = d*m - 4*m. What are the prime factors of m?
2, 7
Suppose 0 = q - 5, -u - 3*u + 5*q = 53. Suppose 2*c - 4 = -t, t + 5*c + 7 + 1 = 0. Let m = t + u. What are the prime factors of m?
5
Suppose -2 + 0 = v. Let t = 10 + v. What are the prime factors of t?
2
Suppose -4*m + 8 = -0*m. Suppose -m*y - 100 = -7*y. Suppose -3*z + 5*z + 17 = 3*g, 0 = -5*g - 5*z + y. List the prime factors of g.
5
Let z(s) = -s**3 - 7*s**2 - 4*s + 10. List the prime factors of z(-9).
2, 13
Suppose -266 = -4*y - 3*l, 264 = 4*y - 0*l + 4*l. List the prime factors of y.
2, 17
Suppose -7*x = -2*x + 10. Let a be (-1)/x - (-3)/2. Suppose 1 = q + q - 5*z, -5*q + a*z = -13. What are the prime factors of q?
3
Let t(u) = 5*u**3 - 12*u**2 + 8*u + 4. What are the prime factors of t(4)?
2, 41
Suppose 0 = -5*v + 2*g + 81, 0 = 2*v - 5*g - 10 - 35. What are the prime factors of v?
3, 5
Let r = 780 + -436. What are the prime factors of r?
2, 43
Suppose 1 + 4 = 2*u - 3*q, -6 = -4*u + 2*q. Let m be 0 + 2 + 2 + 2. Let p = u + m. List the prime factors of p.
7
Let y be -2 + 30/(2 - 5). What are the prime factors of (-8 - y)*(-1 - -8)?
2, 7
Let y be ((-4)/(-3))/(4/(-6)). What are the prime factors of y/(-5) - (-215)/25?
3
Let p be 2 + 0 + 1 + 1. Suppose -l = 2*l. Suppose -p = -w - l*w. List the prime factors of w.
2
Suppose -4*a - 4*q + 0*q + 36 = 0, 3*q = -4*a + 35. Let i = a - 3. What are the prime factors of i?
5
Suppose 5*k - 376 = s - 120, 0 = -k - 2*s + 49. List the prime factors of k.
3, 17
Let q be 32 + (3 - 1)/(-2). Suppose 2*d - q = 21. Suppose 4*n - 6*n = -d. List the prime factors of n.
13
Suppose -20 = -0*x + 5*x - c, 4*x = c - 17. List the prime factors of 20/((-10)/4 - x).
2, 5
Let r = 8 + -3. Suppose 0*m + 33 = r*p + m, 2*m - 30 = -4*p. List the prime factors of p.
2, 3
Let l be 2/(-8) + 130/8. Suppose -2*b - 2*b + l = 0. Let o = 7 - b. What are the prime factors of o?
3
Suppose -4*a + 40 + 72 = 0. What are the prime factors of a?
2, 7
Let k be 6/(-12) - (-22)/(-4). Let i(r) = 2*r**2 + 11*r + 6. What are the prime factors of i(k)?
2, 3
Let q(s) = -s + 12. Let b be q(9). Let p be 27 + 2 + b + -2. Suppose 0 = 3*i - v - 38, -2*i = -0*i - 3*v - p. List the prime factors of i.
2, 3
Let z be (-1 - 0)*(-1 + -4). Suppose m = -y - 4*y + 40, 0 = z*m + 5*y - 180. List the prime factors of m.
5, 7
Let p(h) = -h**2 + 10*h - 11. Let n be p(8). Suppose 4*z + n = -6*k + k, 2*z = -3*k - 5. Let u = k + 15. List the prime factors of u.
2, 5
Let l = 26 + -13. What are the prime factors of l?
13
Let h(c) = 10*c - 5 + 1 + 2 + 13*c. Suppose -2*s + 3*s - 1 = 0. What are the prime factors of h(s)?
3, 7
Suppose -3*r = -718 + 91. What are the prime factors of r?
11, 19
Let k(i) = 3 + 8 - i**2 + 0 - 1 + 11*i. List the prime factors of k(6).
2, 5
Suppose -2*r + 5*r = 12. Suppose -i - i + 40 = r*t, -5*t = 4*i - 77. List the prime factors of i.
2, 3
Let p be 1/(-4) - 129/12. Suppose 0 = -0*m - m + 18. Let x = p + m. List the prime factors of x.
7
Suppose -2*j + 3*j = 8. Let v = 5 + j. List the prime factors of v.
13
Suppose 20 = k + 4*k + 5*m, 0 = 3*k + m - 18. What are the prime factors of k?
7
Let z = 234 - 131. What are the prime factors of z?
103
Let u be 84/8 + (-2)/4. Suppose -p + 0*p + u = 0. What are the prime factors of p?
2, 5
Suppose -g - 3*a + 17 = 0, 0 = -g + 2*g + a - 15. What are the prime factors of g?
2, 7
Let v be (4 - 2)/((-1)/(-2)). Suppose -v*c = 5*q + 17, -q + 0*q + 5 = 5*c. What are the prime factors of c?
2
Let o(q) = 3*q + 8. What are the prime factors of o(2)?
2, 7
Let h = -19 - -35. Suppose 0*r = r - 3*k + h, 5*r - 5*k = -40. Let t(z) = z**2 - 5. What are the prime factors of t(r)?
11
Let b = -62 + 87. List the prime factors of b.
5
Let y = 0 - -2. What are the prime factors of y/4*-22*-1?
11
Let x(f) = f**2 - f + 2. Let q be x(0). Suppose -a + 2*a + 9 = d, 2*d - 34 = -q*a. Let r = 1 + d. List the prime factors of r.
2, 7
Suppose 0 = 5*n - 22 - 18. Suppose -s = -3*s - 3*y - 7, -5*s - 5 = -5*y. What are the prime factors of (-82)/(-8) + s/n?
2, 5
Suppose 2*y - 2*i = 140, 0 = 3*y - 5*i + 22 - 236. List the prime factors of y.
2, 17
Suppose 4*n + 5*l - 222 = 0, 3*l + 186 = 3*n + 33. Suppose -5*y - 2*r + 40 = -8, 5*y - 3*r = n. What are the prime factors of y?
2, 5
Let z(i) = 2*i - 5. Let d be z(4). Suppose -2 = -2*t + 4*n, -3*n + d = -2*n. List the prime factors of t.
7
Let v be (40/(-12))/(4/(-6)). Suppose y - 19 = -j, 44 = v*y + 3*j - 51. What are the prime factors of y?
19
Let n(h) = h**2 - 7*h - 5. Suppose 0*v + 3*v = c - 11, 4*c = v + 33. List the prime factors of n(c).
3
Suppose 4*r - 3*w - 11 = 0, 2*w - 8 = -0*r - 5*r. Suppose -r = 2*n - 4*n. Suppose 0 = -2*y + f - n, -y + 3*f - 13 = 0. What are the prime factors of y?
2
Let f(v) = 33*v**2 - v. Suppose -3*j = 2*j - 5. What are the prime factors of f(j)?
2
Let v = -24 - -28. What are the prime factors of v?
2
Let p(m) 